
-2
Evaluate (0 - -13 - 10) + -5 + -1.
-3
What is 9 - 4 - 10 - -9?
4
What is 1 + -7 + 1 + 7 + -2?
0
What is the value of -10 + (-1 - -4) - (0 - 2)?
-5
-13 - -4 - (4 - -2 - 10)
-5
2 + 7 + -7 + 0 + 3
5
Evaluate (-14 + 9 - 0) + 2.
-3
2 - (1 + 7) - -3
-3
What is the value of (9 - 1) + (10 - (5 - -15))?
-2
What is the value of (0 - (-1 + 3)) + 7?
5
What is the value of -8 + 5 + 2 - (-3 + 0)?
2
What is the value of -5 + 16 + -5 - -1?
7
What is 4 + -2 + -3 + 1 + 0?
0
What is the value of 2 + 2 + 2 + -1?
5
Evaluate 4 - (-4 + (-1 - -4)).
5
What is (1 - 1) + 2 - (-1 - 0)?
3
Calculate (-1 - -4) + (-13 - -9).
-1
What is the value of (14 - 0) + -20 - (-11 - 0)?
5
Calculate 4 + (-6 - (-1 + -10) - 6).
3
Evaluate -2 - ((-3 - 3) + 0).
4
Evaluate (-3 - (1 + 1)) + 1 - -5.
1
What is (4 - -1 - 9) + -5 - -5?
-4
What is -7 + 12 + -1 + -4 + -9?
-9
What is the value of (-65 - -52) + 10 + -2?
-5
What is the value of (-7 + 11 - 4) + (-3 - 0)?
-3
Evaluate 3 - ((5 - 2) + (-2 - 0)).
2
Evaluate 45 + -36 + (-1 - 1).
7
Calculate -1 + (22 - 13) - 13.
-5
6 + -8 + (-4 - (-7 - 4))
5
6 + (-3 - (2 + -4))
5
5 - 2 - 4 - (8 + -12)
3
Calculate (-11 - -3 - -4) + 5 - 3.
-2
What is -3 + (-6 - -4 - -4)?
-1
Evaluate (-2 - 2) + 8 - -1.
5
What is 0 - ((-6 - -5 - -2) + -1)?
0
What is the value of 4 + -1 - (14 + -14 + 5)?
-2
What is (-3 + -1 - -4) + 0?
0
Calculate 9 + 1 - (2 + -9 - -7).
10
Calculate (-4 - 1) + -6 + -10 + 26.
5
What is the value of (9 - 10 - (1 + -1)) + 3?
2
Evaluate 3 + 3 - (10 + -7).
3
What is (-1 - (-5 - 0)) + -1?
3
Calculate 7 - (-7 + 5 - 2 - -8).
3
Evaluate (-2 - 1) + -2 + (1 - -9).
5
Evaluate 2 + (8 - 4) + -10 - -10.
6
Calculate (-1 - 0) + -7 + -1 + 4.
-5
Evaluate -7 - (-11 + (11 - (8 - 1))).
0
What is -4 + (-1 - (-2 - 5))?
2
What is (1 - 4) + 2 + 4?
3
What is (-1 - 6) + 0 - -11?
4
Calculate (0 - -1) + 38 + -34.
5
-1 - (-2 - 1) - (2 + -5)
5
(-6 - (-6 + 4 + 1)) + 12
7
Calculate (0 + 0 - 6) + 4.
-2
Evaluate (-18 - -19) + (1 - (-2 + 2)).
2
What is 3 + -6 - (-4 - (3 - 3))?
1
What is (-6 - -4) + -2 + -2 + 7?
1
Evaluate 2 - (-2 - (-4 + 2)).
2
Evaluate (23 - 13) + 1 + -5 + 0.
6
Evaluate 3 - 0 - (-26 - -30).
-1
What is the value of -151 + 172 + -11 + 0?
10
-1 + (-6 - -8 - (-1 + -1))
3
-7 + 9 - (9 - 2)
-5
Evaluate -8 - (7 + -4 + -5).
-6
What is (-3 - -6) + -5 - (2 + -8)?
4
What is the value of 1 + 1 - (-30 + 34)?
-2
Evaluate -9 - (-12 + (2 - -2)).
-1
1 - (-4 + -4 - -5)
4
What is the value of 1 + (-4 - (-2 + 0 - 8))?
7
-5 + 1 + 8 - 2
2
What is -8 - (-62 - -70 - (7 - 1))?
-10
What is the value of 6 + (-3 - 8 - 5) + 1?
-9
What is -1 + 4 - 0 - -1?
4
What is (0 - ((-5 - -4) + 2)) + 5?
4
What is the value of 1 + -5 + -6 + 5 - -6?
1
Evaluate (3 - (2 + -1)) + (-84 - -84).
2
Evaluate -7 - -1 - (-4 + -2).
0
What is -13 + 1 + 3 - (9 - 16)?
-2
Evaluate (0 - 1) + (-17 - -15).
-3
What is the value of 3 + -1 + -1 + 2?
3
What is the value of 10 - (-10 + 7 - -8)?
5
Calculate 0 + 3 + (3 - 5) + 4.
5
Calculate 1 + 0 - (0 - (2 - 3)).
0
Calculate 6 - (8 - 8) - 9.
-3
-2 + 0 + -2 + -151 + 150
-5
4 - (-5 + 3 + 5)
1
Evaluate 0 - 4 - (7 + -22 + 11).
0
What is 3 + (7 + -4 - 8) + 6?
4
Evaluate -8 + -1 - (-12 - -8) - 4.
-9
What is the value of -1 - (0 - (3 - 1 - 3))?
-2
What is (-11 - (-7 - 0)) + 1?
-3
What is the value of 7 + 4 + (-11 - -1 - -4)?
5
What is the value of -2 - (-2 + 1 - -6)?
-7
Evaluate 3 + -5 - (-2 + -9 - -4).
5
What is 8 - (1 + -9 + 12)?
4
10 - (-4 + -3 - -11)
6
What is 4 - (-12 - -8) - 6?
2
Calculate -3 + 3 + 4 - 0.
4
-1 - (5 - (-5 + 11))
0
Evaluate -1 - (-2 + (-3 + 3 - -4)).
-3
Calculate -1 - (-3 + 3 - -3).
-4
What is the value of -6 + (12 - 5) + -2 + 5?
4
(-3 - -3) + (0 + -6 - -2)
-4
What is the value of 1 - 9 - -3 - -1?
-4
Calculate 0 - (-5 - 1 - (1 + -5)).
2
Evaluate (-1 - -3 - -2) + -5.
-1
(4 - 8) + 7 + 5 + -3
5
Evaluate 15 + 3 - (-7 + 17).
8
(0 - (3 - 1)) + (-4 - -2)
-4
-2 + 3 - 1 - (0 + 1)
-1
What is -1 - ((-2 - -8) + -2)?
-5
Evaluate (-6 - -3) + -11 - -8.
-6
Evaluate (-7 - (3 - 4)) + 3.
-3
What is the value of 0 + 6 + (14 - 23)?
-3
Calculate -15 - (2 - 6 - (-1 + 1)).
-11
-35 - -27 - (5 + -15)
2
Calculate -2 - 2 - (-16 - -18).
-6
Evaluate (21 - 24) + (-2 - -4).
-1
Calculate 0 + -4 + -3 - -3.
-4
What is the value of 5 + -6 + 5 + 3 + -4?
3
Evaluate -2 + 1 - (1 - -1) - -8.
5
What is (0 - 13) + (75 - 58)?
4
Evaluate 1 + 6 + -4 - 4.
-1
What is (-5 - (1 - 2)) + -2?
-6
Evaluate 3 - 1 - 1 - 3.
-2
What is the value of -1 + (5 + -2 - -3)?
5
Calculate 48 - 56 - (-5 + 1).
-4
What is the value of 3 + -2 - (4 + -9)?
6
What is 1 - (-3 - -3 - -1)?
0
(-6 - 0 - (7 - 8)) + 2
-3
What is the value of (9 - 1) + 13 + -7 + -7?
7
What is the value of -39 + 37 - (-2 + -6)?
6
Evaluate -14 - -12 - (-4 + 1) - -1.
2
Evaluate -4 - (-8 + 12 - -1).
-9
Calculate 3 - (-6 + 12) - (-1 + -2).
0
Evaluate (9 - 10) + 6 - (-2 + 6).
1
What is 2 + -6 - (4 + -2 - 1)?
-5
What is 3 + 1 + (-16 - -10) + 1?
-1
Evaluate -2 - -1 - (1 + -6).
4
Calculate (4 - 7) + (1 - (1 + -4)).
1
-1 - ((0 - (-4 - 1)) + -4)
-2
-17 + (2 - -1 - -10)
-4
What is the value of 3 + -4 - (-4 + 1) - 7?
-5
What is the value of (-6 - -3) + -1 + 3?
-1
Calculate -50 + 46 + (6 - 1) + 0.
1
Evaluate 1 - (-7 + 8 - 7).
7
Calculate -3 + (4 + -2 - 3).
-4
What is the value of 7 + -6 + -6 - (0 + 0)?
-5
What is the value of -2 - (-1 - (-1 + (2 - 4)))?
-4
5 - ((0 - -7) + (-2 - -2))
-2
3 + (1 - (2 + (-2 - -3)))
1
(-2 - 0) + 3 + -2 + 3
2
Evaluate -9 + -13 + 8 - -14.
0
What is the value of -5 + (10 - 1) + -8?
-4
-2 + (-4 - 0) + 14 - 7
1
5 - (0 + 2 + (-5 - -7))
1
Calculate (-7 - -2 - (-9 - 2)) + 4.
10
What is the value of (-2 - -8 - -1) + -1 + -2?
4
What is (4 + -5 - 4) + 0 + 3?
-2
What is 1 + -2 + (14 + -5 - 1)?
7
(21 + -21 - (-6 - -3)) + -13
-10
What is (-8 - 1) + -24 + 35?
2
Calculate 2 + 1 + (2 + -6 - 3).
-4
What is (-6 - -2) + -14 + 8 + 4?
-6
5 + (-15 - -2) + 6 + -3
-5
What is the value of 152 - 156 - (1 + -1 - 2)?
-2
Calculate (5 - 3) + 1 + -2.
1
Evaluate -13 + 11 + 2 + (3 - 4).
-1
Calculate (8 - 2 - -3) + -4 - -2.
7
What is the value of 4 - ((5 - 5) + 4)?
0
3 - (-2 + 5 + -3)
3
Calculate (-1 - (-2 - 0)) + (-20 - -14).
-5
Evaluate (-4 - 1 - -9) + -4.
0
Calculate 11 - -1 - (63 - 45).
-6
2 + 12 + 74 + -79
9
Calculate 0 + 0 + -1 + 1 + -3.
-3
Calculate (4 - 12) + 3 + 4.
-1
Evaluate -3 - 7 - (-6 - (-6 + 5)).
-5
5 + -8 + -4 + 9
2
Calculate (-2 - -1) + (-14 - -13).
-2
(-1 - (-6 - -5)) + -4
-4
Evaluate -3 - ((6 - (-2 + 7)) + -5).
1
What is (1 - -1) + -5 - (-5 - -7)?
-5
Evaluate -3 + 5 + -5 - -2.
-1
What is the value of 2 + (-1 + 1 - (-4 + 4))?
2
Calculate 1 - (3 + 1 + -5).
2
Evaluate 2 + (7 + -12 - (-2 + -2)).
1
-4 - -2 - -3 - (2 - -2)
-3
What is the value of 6 - (1 - 5 - (3 + -18))?
-5
What is the value of (1 - 5) + 86 + -79?
3
What is 1 - -8 - (154 + -148)?
3
Calculate -1 + (0 - -4) + -1 + -7.
-5
What is the value of 2 - (0 - 3) - (2 - 2)?
5
(4 + 9 - 1) + -7
5
-3 + 0 + 4 + 8 - 5
4
-1 + 4 - (1 - -3)
-1
What is the value of 1 + -4 + (3 - -2 - 3)?
-1
Calculate -9 + 5 - (1 - 0).
-5
Calculate -7 - (-16 + 1 + 11 + -6).
3
-2 - (-9 + 5) - -3
5
Evaluate (4 - (1 + -6)) + -6.
3
Evaluate 1 + 8 + -6 + 3.
6
Calculate (-1 - (-2 + -4)) + -9.
-4
Evaluate -3 + 0 - (-3 - -1).
-1
Evaluate (-1 + 2 - 3) + (6 - -1).
5
What is the value of (-2 - (-5 - -2)) + (1 - -5)?
7
-9 - -6 - (-10 - -2)
5
What is the value of (1 - -1) + (0 - (-10 + 17))?
-5
What is the value of 2 + (0 - (-1 + -1))?
4
What is the value of 2 - (6 - (-1 - -1)) - -9?
5
Evaluate -3 - (-4 + (3 - 4) + 4).
-2
Evaluate (1 - -1 - 7) + 2 - -1.
-2
What is the value of -2 - 0 - (15 + -28)?
11
What is the value of 0 + -6 + -5 + (13 - 5)?
-3
What is the value of 1 + (-5 - (-4 - 5))?
5
Evaluate 2 + 0 + -2 + (-9 - -6).
-3
What is the value of -2 + 0 + (1 - -4) + -3?
0
What is (-5 - -10) + -10 + -1 + 10?
4
What is the value of (-3 - -3 - -2) + (7 - 7)?
2
-4 + 1 - (-6 + 20 + -13)
-4
6 + (2 + -6 - (7 + -8))
3
What is the value of 2 + -1 + -1 + (2 - -3)?
5
Evaluate (-2 - -7) + -4 + (-7 - -8).
2
What is 1 + (2 - (-6 + 5)) + -6?
-2
Calculate -8 + 1 - (43 - 47).
-3
What is 7 + (-12 - 3) + 2?
-6
-6 - (3 - -3 - 8)
-4
4 + -3 - (2 + -4 + 6)
-3
Calculate (1 - -5) + (3 + -6 - 9).
-6
What is 2 + 1 + 0 + 12 + -13?
2
What is (-3 - (-7 + -1 + 5)) + 4?
4
What is -1 + 3 + (-3 - 0)?
-1
Calculate (-4 - 4 - -9) + -4.
-3
What is 4 - (-1 - (-8 - (-4 - -2)))?
-1
Evaluate 3